 g(x) = x**3 + x**2 + x - 10. Let a(t) = t - 12. Let i be a(6). Let m(j) = j + 6. Let u be m(i). Determine g(u).
-10
Let q(p) = -5*p - 6. Let u = -11 - -17. Let l(k) = 2*k + 1. Let r(s) = u*l(s) + 2*q(s). Let j(d) = -d**2 - 5*d + 4. Let x be j(-5). What is r(x)?
2
Let t = 13 + -3. Let a(l) = -8*l + t*l + 23 - 28. Determine a(5).
5
Suppose -135 = -4*m + 77. Let v = 48 - m. Let b(w) = w**2 + 7*w + 2. Calculate b(v).
-8
Let u(c) = c**3 + 3*c**2 - 4*c - 3. Let i be 1648/48 + 2/3. Let f = i - 29. Let s be (8/f)/((-4)/12). Determine u(s).
-3
Let d(v) be the third derivative of v**4/24 + 7*v**3/6 + 8*v**2 - v. Give d(9).
16
Let h(g) = g**3 + g**2 - 1. Let y(j) = -7*j**3 + j**2 + 13. Suppose 3*k + 4 = -14. Let z(a) = k*h(a) - y(a). What is z(7)?
-7
Let p(x) = x - 4. Let u = -20 - -20. Suppose u = -0*d - 3*d - 24. Let w be (d/10)/(4/20). What is p(w)?
-8
Let h = 180 - 181. Suppose 0 = -4*a - 2*q + 18, 4*q = 3*a - 7*a + 28. Let x(l) = -5*l**2 + 0*l**2 + a*l**2 - 2*l + l**2 - 1. Determine x(h).
-1
Let k = 721 - 727. Let x(p) = 2*p + 11. Determine x(k).
-1
Let w = 8 - 8. Let i(y) = -3*y**2 + 43. Let n(b) = b**2 - 13. Let k(l) = 2*i(l) + 7*n(l). Calculate k(w).
-5
Suppose 3*u + 2*n - 6 = 0, 4*u = n - 19 + 16. Let d(k) = 3*k - 10. What is d(u)?
-10
Let x(z) = z - 3. Suppose -b = -29*b. Give x(b).
-3
Let m(i) = -3*i**2 - 4*i - 3. Let r = -20 - -13. Let g(b) = 2*b**2 + 2*b + 1. Let p be (1/2)/(1/(-6)). Let z(l) = p*m(l) + r*g(l). What is z(-2)?
-14
Let w be (-3 + (0 - -3))/(-2). Suppose -19 = 3*x - 7. Let a(h) = -6*h + 12. Let t(s) = 5*s - 11. Let q(g) = x*a(g) - 5*t(g). What is q(w)?
7
Let q(g) = -26*g**3 + 13*g**2 - g - 14. Let p(r) = -17*r**3 + 8*r**2 - r - 9. Let i(d) = -8*p(d) + 5*q(d). Give i(-2).
-48
Let l(r) = r**3 + 16*r**2 + r + 18. Suppose 0 = -4*m - 2 - 62. Calculate l(m).
2
Let y(v) = -v - 10. Suppose 80*f + 162 = 71*f. What is y(f)?
8
Let r(c) be the first derivative of c**3 + c**2 - 2*c + 330. Give r(-2).
6
Let g(z) = 2*z - 4. Suppose 25 = 5*p - 5*a, -5 = a - 4. Suppose p*f - 2*f + 6 = 0. Determine g(f).
-10
Let u(j) = 4*j - 3. Suppose 0 = 5*i - 16 - 19. What is u(i)?
25
Let f = 3 - 9. Let d(s) = 5 + 7*s - 8*s + 3. What is d(f)?
14
Let n(t) = 20 - 13 - 31*t + 33*t. Give n(9).
25
Suppose 2*k + 3*w - 28 = 4*w, 0 = -2*k + 3*w + 32. Let v(l) = 2*l - 19. What is v(k)?
7
Let j(r) = -r**3 - 4*r**2 + 2*r - 4. Suppose 0 = -4*s + 4*a - 9*a - 45, -5*s = -3*a + 10. Determine j(s).
11
Let q(n) = 5*n**2 + n - 1. Let l(f) = -6*f**2 - 2*f + 1. Let d(s) = 3*l(s) + 4*q(s). Calculate d(5).
39
Suppose 8 = -0*k - 4*k. Let h(i) = -51*i + 9. Let d(w) = 5*w - 1. Let j(p) = k*h(p) - 21*d(p). Suppose 4*m = -3*t + 17 + 12, 3*m = -5*t + 30. What is j(t)?
-6
Let s(n) = -5*n**2 - 3*n + 1. Let x be s(-3). Let b = 55 + x. Let y = -26 + b. Let m(l) = -l**3 - 7*l**2 - 4*l + 6. What is m(y)?
-6
Let q(y) be the third derivative of y**6/120 + 11*y**5/60 - 7*y**4/12 - 5*y**3 - 50*y**2 + 1. Calculate q(-12).
-6
Let m be (6 - -2) + -7 + -2. Let b(o) = -8*o**2 + o. Determine b(m).
-9
Let y = 446 + -444. Let g(r) = -4*r**2 - 3*r + 3. Determine g(y).
-19
Let r be -44*1*4/(-8). Suppose 0 = 5*h - p + 3 - r, -4*p + 20 = 4*h. Let n(j) = -j + j**3 + 9*j**2 + 0*j + h*j - 6*j**2. Calculate n(-2).
-2
Let r(m) = -2*m - 2. Let t(u) = -u**3 + 21*u**2 - 20*u - 10. Let p be t(20). Let g(v) = -v - 1. Let a(x) = p*g(x) + 4*r(x). Give a(3).
8
Let f(z) be the third derivative of z**4/24 + 2*z**3/3 - 144*z**2. Calculate f(5).
9
Let u(q) be the second derivative of -q**2 - 4*q + 1/3*q**3 + 0. Let h = -9 - -6. Calculate u(h).
-8
Let g(u) = u - 7. Suppose 0 = 3*w - w. Let v be g(w). Let l = v + 6. Let j(b) = -8*b**2. Calculate j(l).
-8
Let t = 23 + -11. Let w be (-4)/5*90/t. Let p(u) = u**3 + 6*u**2 + 5*u - 3. Let g(r) = -2*r**3 - 12*r**2 - 9*r + 6. Let b(j) = -6*g(j) - 11*p(j). Give b(w).
3
Let j(u) = -u**3 - 13*u**2 - 7*u - 2. Let t = -475 + 463. Give j(t).
-62
Let w(g) be the third derivative of -6*g**2 + 0 - 1/120*g**5 + 1/6*g**4 + 0*g**3 + 0*g + 1/360*g**6. Let p(b) be the second derivative of w(b). Give p(2).
3
Let c(m) = -4*m + 11. Let b = 1397 - 1388. What is c(b)?
-25
Suppose -6*c - c + 161 = 0. Let f = c - 20. Let k(z) = z**3 - 3*z**2 + z - 4. Calculate k(f).
-1
Let d(f) = -5*f**2 - 3*f. Let q(m) = -69*m + 135. Let u be q(2). Give d(u).
-36
Let q(w) be the first derivative of w + 17 - 5/2*w**2. Determine q(2).
-9
Let o = 18 - 15. Let c(j) = j - j**o - 9*j**3 + 0*j**3 + 3*j**3. Suppose u = 5*b - 4, -4*b = 2*u + 2*u - 8. Determine c(b).
-6
Suppose -92 = -19*o - 35. Let b(k) be the first derivative of 1/4*k**4 + 5*k + 2 + 7/2*k**2 + 5/3*k**o. Give b(-4).
-7
Let a(g) = 2*g - 11. Let k be a(7). Let d = 6 + -4. Suppose -c - 4 = w - d*w, k*c = -2*w - 12. Let f(h) = h**3 + 3*h**2 - 4*h + 5. Give f(c).
5
Let a be 0/1 - (-3)/1. Suppose 2*j - 4*b = 116, 3*j + 3*b = -j + 276. Let w(m) = 3*m - m - 134 + 67 + j. What is w(a)?
5
Let z be 12*(10/(-12) - 5/(-15)). Let l(x) = -x**3 - 5*x**2 + 7*x - 5. What is l(z)?
-11
Let w = -217 + 215. Let q(a) = a**2 - 3*a - 2. Determine q(w).
8
Suppose -3 = a - 4. Let n(c) = -3*c**3 - c**2 - c + 1. Determine n(a).
-4
Let n(c) = 0*c + 3 + c**2 - 2*c - 2 - c. Let u be n(3). Let w(g) = -4*g + 1. What is w(u)?
-3
Let p be (2/(-7))/((-15)/105). Let d be (-3)/(-1) + 6/p. Let n(j) = j**3 - 7*j**2 + 6*j + 7. What is n(d)?
7
Suppose 0 = -3*l + l - 10. Let v(t) be the third derivative of -t**6/120 - t**5/15 + t**4/24 - t**3/2 + t**2 - 5. Give v(l).
17
Let r(b) = -2*b**2 + 3*b + 1. Let t(s) = -3*s + 2. Let n be t(6). Let x(d) = 3*d**2 - 15*d - 3. Let w be x(2). Let f be 8/n - w/6. What is r(f)?
-8
Let r(s) = -s**3 - s + 1. Suppose 348*m = 360*m - 12. What is r(m)?
-1
Let i = 11 + 6. Let f = i + -11. Let u(r) be the second derivative of r**5/20 - 5*r**4/12 - 7*r**3/6 - r**2/2 + 86*r. Calculate u(f).
-7
Suppose 5*f + 5 = -0*f. Let m(x) = -16*x**3 + x + 15*x**3 + 10*x**3 + x**2. Calculate m(f).
-9
Let h(r) = -r**2 + 13*r + 4. Let x be h(13). Suppose 3*q = -x*s + 27, -4*q = 2*s - q - 15. Let y(u) = -u**2 + 10*u - 8. Calculate y(s).
16
Let r(p) be the third derivative of 1/2*p**3 - 1/60*p**5 - 1/8*p**4 + 0*p + 40*p**2 + 0. Give r(-3).
3
Let d(i) = -i + 2. Suppose -27*v = -7*v - 140. Calculate d(v).
-5
Let y(h) = -2*h**3 - 3*h**2 - 3*h - 2. Let p be y(-2). Let q(b) = 1 - 638*b + 211*b + 217*b + 211*b. Calculate q(p).
9
Let t = 129 - 127. Let v(c) = 82 + t*c + 69 - 142. Calculate v(-6).
-3
Let c = 32 + -94. Let v = c + 60. Let k(d) = d**2 - d. Give k(v).
6
Let y(v) = -40*v**3 + v**2 + v + 1. Let t be ((-234)/312)/(3/4). Determine y(t).
41
Let g(n) = n**3 + 13*n**2 + 11*n - 3. Let a = -28 + 16. Let k be g(a). Let z(q) = q**2 - 10*q + 10. Determine z(k).
1
Let q(r) = r**3 + 6*r**2 - 3*r + 2. Suppose z = b + 6, 10*b - 7*b + 18 = -3*z. What is q(b)?
20
Let l(z) = -1. Let p(d) = 9 - 2*d - 5 + d + 6. Let v(x) = -6*l(x) - p(x). Calculate v(4).
0
Suppose l + 6*x - 8 = 0, -x + 43 = 41. Suppose -4*v - v - 15 = 0. Let s(q) = -5*q + 8. Let o(i) = 2*i - 4. Let m(j) = v*s(j) - 7*o(j). Determine m(l).
0
Let p(b) = -b**3 + b**2 - 1. Let s(i) = 3*i**3 + 4*i**2 - 7*i. Let w(q) = -4*p(q) - s(q). Let d(m) = -3*m**3 - 4*m**2 - 4*m - 9. Let u be d(-2). Give w(u).
4
Let b(p) = 15*p**2 - 45*p + 7. Let n be b(3). Let f(z) = -z**2 + 6*z + 9. Calculate f(n).
2
Let s(o) = -2*o**3 - 9*o**2 - 3*o - 1. Suppose -20 = 294*y - 289*y. Calculate s(y).
-5
Suppose -3*f = 2*f - 135. Let c(l) = -4 + f*l - 28*l + 1. Let w = -12 + 7. Determine c(w).
2
Let r(p) = -p**3 - p**2 - p - 1. Let b = -29 - -31. Give r(b).
-15
Let o(r) be the third derivative of -r**6/120 - 7*r**5/60 + 3*r**4/8 + 3*r**3/2 - 55*r**2. Give o(-8).
1
Let x(s) = s**2 + 7*s. Let t(q) = -q**2 + 23*q - 27. Let m be t(17). Let b = m + -81. Calculate x(b).
-6
Let k = 11 - 7. Let o(v) = -4 - k + 9*v - 10*v + 2*v. Suppose 0 = -c + 2 + 3. Calculate o(c).
-3
Let b(x) be the first derivative of x**4/4 + 2*x**3/3 - 7*x**2/2 - 6*x - 1. Let k be (-11 - 3)*(3 + (-108)/28). Suppose -3*u = -k*u - 36. Determine b(u).
-10
Let m(b) = 7*b**2 - 3*b - 8. Let k(u) = 2*u**2 + u - 2. Let j(s) = 4*k(s) - m(s). Determine j(-5).
-10
Let w(v) be the third derivative of -v**5/60 + v**4/12 + 5*v**3/6 + 5*v**2. Let m be 7 - (-1)/(-3)*9. Calculate w(m).
-3
Let y(k) be the third derivative of k*